0*p + 266. What is the tens digit of p?
3
Let p(c) = 7*c**2 - 2*c + 1. Let n be p(2). Let q = n - 8. What is the units digit of q?
7
Suppose 0 = 3*y + 3. Let k(m) = -8*m**2 + m. Let b be k(y). Let v = 0 - b. What is the units digit of v?
9
Let t be (-8)/36 - (-382)/18. What is the units digit of t + ((-12)/(-4))/3?
2
Suppose -37 + 121 = 3*f. What is the tens digit of (1 - 2)/((-2)/f)?
1
Suppose 6 = -2*l - 0*l. What is the tens digit of -32*(21/(-6) - l)?
1
Let r be (1 - 3)/(1 + -2). Let x(n) = -5*n**r + 2 + 7*n - 1 + 6 - n**3. What is the units digit of x(-6)?
1
Let y(p) = 34*p - 1. What is the tens digit of y(1)?
3
Suppose 5*v = 23 + 27. What is the units digit of v?
0
Let i(j) = 3*j**2 - 4*j - 2. Let p be (3 + -5)/(2/3). Let y be i(p). What is the units digit of y/5 + (-10)/25?
7
Let w(y) = -y**3 - 13*y**2 + 31*y - 21. What is the tens digit of w(-16)?
5
Suppose 0 = -b - 2*b + 255. What is the units digit of b?
5
Let r = 9 - 12. Let p(h) = -5*h + 7. What is the tens digit of p(r)?
2
Suppose 123 = -3*n + 357. Suppose -3*b + 6*b = n. What is the tens digit of b?
2
Suppose 3*a - 172 = -40. Suppose w - 4*w + 149 = b, 2*w - 103 = 3*b. What is the units digit of (-20)/w - a/(-10)?
4
Suppose 3*s = 495 + 135. What is the tens digit of s/(-9)*(-6)/4?
3
What is the tens digit of (-16)/(-12)*(23 + 1)?
3
Let c(p) be the second derivative of p**7/2520 + p**6/240 - p**4/12 - 2*p. Let f(k) be the third derivative of c(k). What is the units digit of f(-4)?
4
Suppose s - 5*r - 5 = 0, 4*s + 5*r - 28 + 8 = 0. Let z = s - -9. Suppose 2*j = 10 + z. What is the tens digit of j?
1
Suppose 0*f - 5*f = -80. Suppose 5*v = -1 + f. What is the units digit of v?
3
Suppose -34*m + 24*m + 1470 = 0. What is the hundreds digit of m?
1
Suppose 25 = -2*z + 3*z. What is the units digit of z?
5
Let a(b) = b**3 + 5*b**2 - 9*b - 5. Let v be a(-6). Let l be (-6)/(-21) - (-4)/(-14). Let j = v - l. What is the tens digit of j?
1
Suppose -2*u = 2*u + 28. Let x = -39 + 27. Let i = u - x. What is the units digit of i?
5
Let b(f) = -f + 2. Let x(k) = 2*k**3 - 2*k**2 + 2*k - 1. Suppose -3 = -2*v - 1. Let j be x(v). What is the units digit of b(j)?
1
Let i = 442 - 307. What is the units digit of i?
5
Let o(r) = 3*r - 1. Suppose 5 = f, 5*v = -4*f + 34 + 1. Suppose v = 4*w - 1. What is the units digit of o(w)?
2
Let a = 314 + -212. What is the tens digit of a?
0
Let a(g) be the third derivative of -g**5/60 - g**4/3 + g**3/3 + 2*g**2. What is the units digit of a(-7)?
9
Suppose -2*g = -5*b - 7, 2*g - 6*g - b - 19 = 0. Let j = -1 - g. Suppose -j*v + 21 = -0. What is the units digit of v?
7
Let i = -4 + 7. Suppose 11 = -i*c + 2. Let o = c - -4. What is the units digit of o?
1
Let c be 0*(-4 - -3) - 11. Suppose -4*a = 20, -4*o - 2*a + 8 = 2. What is the units digit of (-64)/c + o/22?
6
Suppose 142 = s - 45. What is the hundreds digit of s?
1
Let y(d) = 2*d - 18*d + d - 5*d. Let z be y(2). Let o = z + 57. What is the tens digit of o?
1
Let o = -8 - -12. Suppose o*h = -28 + 184. What is the tens digit of h?
3
What is the tens digit of ((-241)/12 - 4/16)*-3?
6
Suppose -4*x = 5*m - 551, -x + 119 = -0*x + 5*m. What is the hundreds digit of x?
1
Let f(i) = -10*i. Let p = 6 + -6. Let l be (-2 - 0)/2 + p. What is the units digit of f(l)?
0
Suppose 0 = 2*k + 2*i + 3*i - 42, 63 = 3*k - i. Suppose k = 7*p - 4*p. What is the units digit of p?
7
Let i = 22 + 133. What is the tens digit of i?
5
Let c(u) = -2*u**3 + 6*u + 2. Let i be c(-3). Let p(o) = 2*o**2 + 4*o - 6. Let d be p(-5). Let z = i - d. What is the units digit of z?
4
Let f(o) = o**3 + 3*o**2 - o. Let c be f(-3). What is the tens digit of 6/c*50/4?
2
Let b = -4 + 47. What is the units digit of b?
3
Let p(c) = -c**3 + 14*c**2 + 8*c - 11. Let r be p(14). Suppose 0*q + q - 35 = -4*j, -4*q = 3*j - r. What is the tens digit of q?
2
What is the units digit of (-9)/(-2)*8/6?
6
Suppose -6*m + 3*m + 12 = 0. Suppose -c + m = -0. Suppose -4*z - 20 = -8*z, c*z = 4*a. What is the units digit of a?
5
Suppose 5*i = 3*i + 22. Suppose -2*p = -7 - i. What is the units digit of p?
9
Suppose 0 = l - 3*p - 3, -5*l + 3 = p + 36. What is the units digit of l/5*(-75)/10?
9
Let o(v) = v**3 - 4*v**2 - 12*v + 3. What is the units digit of o(6)?
3
Let r = 1 - -9. Let w = r + 0. What is the tens digit of w?
1
Let q = -17 - -10. Let p = q + 11. What is the units digit of p?
4
Suppose -o - o = -16. Let u = -2 + 4. Suppose -u - o = -2*x. What is the units digit of x?
5
Let b = 39 - 22. What is the tens digit of b?
1
Suppose -3*h - 5 + 8 = 0. Let y be h/3 - (-33)/9. Suppose y*o - 4 = 2*o. What is the units digit of o?
2
Let q(p) = 6*p - 1. Let m be q(1). Let n be 144/(-14) + 4/14. What is the tens digit of 72/m - (-4)/n?
1
Let n = -68 + 152. What is the units digit of n?
4
What is the tens digit of 1086/10 - (-3)/(-5)?
0
Let k = -56 + 112. What is the units digit of k?
6
Let c(u) = u**3 - 16*u**2 + 14*u + 18. Let q be c(15). Let l(j) = 6*j + 6. Let y be l(7). Suppose 3*o = -q + y. What is the units digit of o?
5
Let d = 128 + -74. What is the units digit of d?
4
Suppose -q + 12 = -16. What is the units digit of q?
8
Let v(q) = 5*q**3 - q**2 - q + 1. Suppose 4*c = 3*c - 5*w + 26, -2*c + 4*w = 18. What is the units digit of v(c)?
4
Let i(h) = 3*h**2 + 2*h - 2. Let p be 2/(-5)*-5*1. What is the units digit of i(p)?
4
Let n(c) = -4*c - 7. What is the units digit of n(-23)?
5
Let x be (-6)/2 - 16/4. Let m = 11 - x. What is the units digit of m?
8
Let t(r) = -r**3 - 3*r**2 - 2*r - 1. Let l be t(-3). Let m(w) = w**2 - 5*w + 3. What is the units digit of m(l)?
3
Let o(l) = -4*l + 1. Let i be o(-2). What is the units digit of 2*1*i/6?
3
Suppose a - 3*a = -10. Suppose 0*r + a*r - 40 = 0. What is the units digit of r?
8
Let b be (6 + 0)*68/(-12). What is the units digit of b/(-2) + (5 - 2)?
0
Let k(h) = 14*h - 2. What is the tens digit of k(6)?
8
Let v be ((-15)/6)/(2/20). Let x be (-15)/v - 14/(-10). What is the tens digit of x - (5 + -2) - -11?
1
Suppose 0 = -2*l + 3*l. What is the units digit of 0 - -1 - l/(-1)?
1
What is the tens digit of (-1 + 0)*(4 - 281) - 3?
7
Let x = -86 + 240. What is the tens digit of x?
5
Let g = 381 + -172. What is the hundreds digit of g?
2
Let q(c) be the first derivative of c**3/3 - c**2 + 4*c + 1. What is the units digit of q(3)?
7
Let r = 49 - 44. What is the units digit of r?
5
Let a(w) = -w - 4. Suppose 4*q + 8 = -12. What is the units digit of a(q)?
1
Suppose i - 10 - 5 = 0. Suppose -2*o + i = -6*x + x, -9 = o + 3*x. Suppose 3*f + o - 3 = 0. What is the units digit of f?
1
Let g = 72 + -30. What is the tens digit of g?
4
Let w(m) = 4*m**3 + 12*m**2 - m - 9. Let s(g) = -3*g**3 - 13*g**2 + 2*g + 10. Let b(f) = -3*s(f) - 2*w(f). What is the tens digit of b(-15)?
4
Let d = 7 - 10. What is the units digit of 21*(d - (-33)/9)?
4
Let o(b) = 149*b**2 - b + 1. What is the tens digit of o(1)?
4
Let j = 46 - 19. What is the tens digit of j?
2
Suppose 4*s = 8 + 8. Let a = 8 - s. Suppose 2*x + k = -k + 14, 0 = 2*x - a*k - 14. What is the units digit of x?
7
Let k(c) = c**2 - 24*c - 12. What is the units digit of k(28)?
0
Suppose -2*g - 3*h = -7*g - 10, -3*h = 5*g - 20. What is the units digit of -2 + g + (-1 - -8)?
6
Let k = 81 + -49. What is the tens digit of k?
3
Let k(b) = 6*b - 5. Let a be k(5). Suppose 5*j + 5*h = a, j + 4*j + 4*h - 22 = 0. Suppose f = 2*p + j*p - 7, 0 = 5*p - 3*f - 14. What is the units digit of p?
1
What is the units digit of 2/(-10) + (-4328)/(-40)?
8
Let d(a) = -a**2 + 6*a - 4. Let z be d(5). What is the tens digit of z/(-2) + (-134)/(-4)?
3
Let j be 38/(-4) - (-4)/8. Let s = 11 + j. Suppose -s*a = a - 27. What is the units digit of a?
9
What is the units digit of (12/(-15))/(-4) + 3796/20?
0
Suppose -4*m - 4*p + 320 = 0, -p - 2 = -6. Suppose -n = 3*n - m. What is the units digit of n?
9
Suppose 4*f = -12, v + 2*v - 2*f = 63. What is the units digit of v?
9
Suppose 14 = -4*y + 3*y + 3*g, -3*g - 86 = 4*y. Let z = 49 + y. What is the units digit of z?
9
Let m(b) be the third derivative of -7*b**6/60 + b**3/6 + 4*b**2. Let f be m(-1). Let i = f + -9. What is the units digit of i?
6
Let i(x) = -x**3 + 10*x**2 + 10*x + 11. Let d be i(11). Let a = d + 15. What is the tens digit of a?
1
Suppose 3*s - 6 = 6. Suppose -92 = -s*r - 5*n, 5*r - 11